Suppose 8*d = 5*q + 3*d - f, -206 = -3*q + 5*d. List the prime factors of q.
67
Let j = 293 + -289. Suppose r + 2*q = -0*q + 673, -683 = -r - j*q. What are the prime factors of r?
3, 13, 17
Let s = 658 + -268. What are the prime factors of s + -2 + (2 - (-5)/5)?
17, 23
Let y(u) = u**3 - 3*u**2 - u + 149. Let a(q) = 4*q**3 - 13*q**2 - 5*q + 596. Let i(j) = -2*a(j) + 9*y(j). What are the prime factors of i(0)?
149
Let y(k) = 57*k**2 - 10*k + 12. What are the prime factors of y(-12)?
2, 3, 5, 139
Suppose 6947 = 3*a + 2*q + 809, -8161 = -4*a + 5*q. What are the prime factors of a?
2, 7, 73
Let o = -968 + 884. Let r = 577 - 306. Let f = o + r. What are the prime factors of f?
11, 17
Suppose 90186 = 10*b - 34284. What are the prime factors of b?
3, 461
Let j = -47 - -61. Let y(m) = m**3 - 15*m**2 + 15*m - 8. Let f be y(j). Suppose 485 = -t + f*t. What are the prime factors of t?
97
Suppose 295 = 2*y + 3*y. Let s = -368 + 441. Let t = s + y. List the prime factors of t.
2, 3, 11
Suppose -i - 5 = -6. What are the prime factors of (13 + -4)*i*11?
3, 11
Let m(s) = 5*s**2 - 37*s + 2581. What are the prime factors of m(-62)?
5, 61, 79
List the prime factors of 1*7 - ((-11 - -13) + -3)*14165.
2, 3, 1181
Suppose 0 = -4*d - 28, 325*c - 320*c = 3*d + 117801. What are the prime factors of c?
2, 3, 13, 151
Let s(d) = d**3 + 16*d**2 + 18*d - 37. Let v(b) = b**2 - 18*b + 43. Let x be v(14). List the prime factors of s(x).
2, 59
List the prime factors of 10086/(25 - (-2829)/(-115)).
3, 5, 41
Let g(f) = f**3 - 16*f**2 - 24*f - 40. Let h be g(18). Let n = 186 - h. What are the prime factors of n?
2, 5
Let k = -18 - -21. Suppose -5*n = k*y - 425, n + y = -3*n + 340. Suppose 6*r - 221 = n. What are the prime factors of r?
3, 17
Suppose -120 = l - 116, 4*l = 3*b - 28474. List the prime factors of b.
2, 3, 17, 31
Suppose -5*c - 12 = r, -33 = 5*r - 3*c + c. Let m(i) = -2*i**3 - 5*i**2 - 6*i + 25. List the prime factors of m(r).
2, 127
Let h(q) = 5*q**2 + 97*q - 40. List the prime factors of h(-54).
2, 4651
Suppose -5*i + i = -16. Let h(a) = 6 + 7*a + i - 3*a - 27*a. List the prime factors of h(-5).
5
Suppose 5*r = -3*s + 137190, -230*r - 109784 = -234*r + 4*s. List the prime factors of r.
3, 3049
Let k be -2 + (-12 + 4)/4. Let u = k + -1. List the prime factors of 70*(4 - (-18)/u).
2, 7
Suppose 0 = -798*b + 791*b - 3178. What are the prime factors of b/1*3/(-6)?
227
Suppose 0 = 3*p - 12, -5*p = -0*l - 5*l - 3740. List the prime factors of l/310*(-755)/2.
2, 3, 151
Let k = -3 + 5. Suppose k*o + 3*t = 544, 0*t = -5*t - 20. Let v = o - 162. List the prime factors of v.
2, 29
Suppose 6*a + 2*l - 125 = 3*a, -l = -5*a + 217. Suppose 6*o - a = 5. Suppose -4*q + o*q - 84 = 0. What are the prime factors of q?
3, 7
Let z be 185/(-222) - ((-35866)/12 + 0). Suppose 0 = -5*g - 3*q + z, g - 4*q = 314 + 302. What are the prime factors of g?
2, 3, 5
Let z = 17284 + -17280. Suppose -3*i - k = -3*k - 13, 6 = -3*k. What are the prime factors of (726 - i)*z/12?
241
Let k = -605 + 607. What are the prime factors of k + 1 + -1 + 28?
2, 3, 5
Suppose 0 = -4*t + 8*t + 12. What are the prime factors of (1 - t) + 3/((-21)/(-7637))?
3, 5, 73
Let v = -91 - -163. Let h be ((10/6)/((-4)/v))/(-1). Suppose 13*u - 15*u = -h. What are the prime factors of u?
3, 5
Let y(i) = -275*i**3 + 57*i**2 + i - 19. List the prime factors of y(-4).
3, 6163
Let b = 7088 - 5136. List the prime factors of b.
2, 61
Suppose 19*t + 10 = 20*t. Let a(s) = s + 18. Let h be a(t). Let i = 62 - h. What are the prime factors of i?
2, 17
Let q = -103279 - -156456. List the prime factors of q.
41, 1297
Suppose -4*w - 79*w = -10*w - 93513. List the prime factors of w.
3, 7, 61
Let d(k) = -10*k + 77. Let g be d(7). Suppose g*r - 29*r + 3652 = 0. What are the prime factors of r?
2, 83
Let j = -9644 - -18061. What are the prime factors of j?
19, 443
Suppose 20*n + 466 = -v + 15*n, 5*n - 917 = 2*v. Let z = 877 + v. List the prime factors of z.
2, 13
What are the prime factors of 87770 + -1 + ((-18)/8)/(111/(-296))?
5, 3511
Suppose -27*l + 5*f = -25*l - 16, 5*l - 5*f - 25 = 0. Suppose -1134 = -l*z - 300. What are the prime factors of z?
2, 139
Suppose 145*b = 134*b + 430870. List the prime factors of b.
2, 5, 3917
Let h be ((-28)/(-5))/(63938/5810 + -11). Let y = 2133 - h. What are the prime factors of y?
971
Suppose -x - 183758 = -41*w + 36*w, 7 = x. List the prime factors of w.
3, 12251
Let k(n) = -12392*n + 477. What are the prime factors of k(-1)?
17, 757
Suppose 2*t = -f + 30262, -423*t - 45395 = -426*t - 2*f. What are the prime factors of t?
3, 41
Suppose -7187*o + 7202*o = 18945. List the prime factors of o.
3, 421
Suppose 0 = -7*v + 14 - 0. Suppose -3*s = -2*s - 3*c - 7, -v*c = 2*s + 2. Let j(w) = 234*w - 1. What are the prime factors of j(s)?
233
Suppose 2*c + 0*i - 53 = i, -133 = -5*c + 2*i. Suppose -15 = -30*j + c*j. Suppose -4*s + 173 = j*d - 213, -3*d - 4*s + 230 = 0. List the prime factors of d.
2, 3, 13
Suppose -3*n + 78447 = -3*p, 5*p = 125*n - 127*n + 52326. What are the prime factors of n?
26153
Suppose -u + 4*q + 4558 - 1435 = 0, 15*u - 46719 = -3*q. What are the prime factors of u?
5, 7, 89
Suppose -2*t = 8, 0 = -3*d + 4*t + t + 50. Let z be d - (2 + (3 - 1)). Suppose -373 + 13 = -z*l. List the prime factors of l.
2, 3, 5
Let p = 200 + -194. List the prime factors of 10*(p/(-10))/(6/(-15)).
3, 5
Suppose 0 = -19*r + 12*r + 21. Suppose 0 = -4*y + 5*q - 1321, 5*y - r*q - 2*q + 1650 = 0. Let f = -119 - y. List the prime factors of f.
2, 3, 5, 7
Let b = 50869 + -32572. What are the prime factors of b?
3, 19, 107
Let k(w) = 845*w - 1016. List the prime factors of k(17).
7, 1907
What are the prime factors of (-118662)/(-7) + 0 + -35 + (-3211)/(-91)?
2, 13, 163
Let s = -42982 - -67385. What are the prime factors of s?
23, 1061
Let m = 1295 + 850. Let p = m + -971. List the prime factors of p.
2, 587
Let n = -3294 + 6670. List the prime factors of n.
2, 211
Let t be -1*(-4701 + 0) + (-9 - -11). Suppose -5*c = 2*g - 3*g + 1172, t = 4*g - 5*c. Suppose -6*j + g = 5*j. List the prime factors of j.
107
Let s(h) = -63*h**3 + 2*h**2 + 3*h + 2. Let m be s(-1). Suppose -3*b + m = -263. Suppose -5*l = -864 + b. List the prime factors of l.
151
Let u(l) = l**3 + 16*l**2 - 18*l - 12. Let z be u(-17). Suppose -z*s + 635 = -5*n, -115 = -s - 0*n - 2*n. Let g = -16 + s. What are the prime factors of g?
107
Suppose -4*y - 5*g + 34 = 0, -4*g - 14 = 4*y - 46. Suppose y*x + 278 = 2516. List the prime factors of x.
373
What are the prime factors of (4 + 13588)*35/14?
2, 5, 1699
Suppose 426632 = 99*u - 65*u. List the prime factors of u.
2, 3137
Suppose 24*t - 11*t + 156 = 0. What are the prime factors of (-7724)/t + (20/15 - 1)?
2, 7, 23
Let h(b) = -b**3 + 5*b**2 - 5*b + 6. Let r be h(4). Suppose 0 = 4*w + 4*g + 356, 2*w = -w + r*g - 272. Let m = 46 - w. List the prime factors of m.
2, 17
List the prime factors of ((6/(-11))/((-552)/1518))/((-3)/(-94876)).
2, 23719
Suppose 64 = -0*b + b + 3*y, 3*b - 5*y - 220 = 0. Let n = 68 - b. What are the prime factors of (-125)/(-10) - n/(-4)?
2, 3
Suppose 2*m + y + 3*y = 1942, 0 = m + 3*y - 968. What are the prime factors of m?
977
Let o be -1*(-6)/4*(-10)/(-5). Suppose -4*z + 208 = 5*r - 543, -o*z + 2*r + 546 = 0. Suppose z = 147*j - 145*j. What are the prime factors of j?
2, 23
Let j(c) = 16*c**2 - 14*c - 27. Suppose 0 = -5*a + 15, 4*l + 3*a + 16 = -a. Let r be j(l). Suppose 5*p - r = 110. What are the prime factors of p?
193
Suppose 4 - 31 = 9*t. Let n(v) = -3*v - 2. Let m be n(t). Suppose -75 = -m*z + 296. What are the prime factors of z?
53
Suppose 0 = 6*j - 17 - 55. Suppose j - 4 = -2*y, -2*y - 2168 = -5*o. Suppose 11*p = 14*p - o. What are the prime factors of p?
2, 3
Let u = 25 - 20. Suppose 5*v + 3*q + q - 20 = 0, 0 = u*v - q + 5. Suppose 0 = -3*c - 2*c - 4*t + 393, 4*c + t - 310 = v. What are the prime factors of c?
7, 11
Suppose -12*i - 24 = -20*i. Suppose l = 3*l + x - 303, -l + 162 = -i*x. Let g = l + -90. What are the prime factors of g?
3, 7
Let z(j) = 63*j - 5. Let h be z(7). Suppose 2*g = -2*i + 87 + 87, -5*g + h = 4*i. List the prime factors of g.
2, 11
Let x = 180 - -60. Suppose -5*l + x = 5*n, -5*n + 0*l = 3*l - 248. Suppose -2*f = -n - 176. List the prime factors of f.
2, 3, 19
Let z 